{"id":979,"date":"2026-03-11T13:12:52","date_gmt":"2026-03-11T13:12:52","guid":{"rendered":"https:\/\/parquedaterranova.pt\/portal\/?page_id=979"},"modified":"2026-03-11T13:14:10","modified_gmt":"2026-03-11T13:14:10","slug":"tommy","status":"publish","type":"page","link":"https:\/\/parquedaterranova.pt\/portal\/?page_id=979","title":{"rendered":"Tommy"},"content":{"rendered":"<p>* TOMMY * (3 de Novembro de 2017)<\/p>\n<p style=\"text-align: justify;\"><img loading=\"lazy\" decoding=\"async\" class=\"alignnone size-medium wp-image-977 alignleft\" src=\"https:\/\/parquedaterranova.pt\/portal\/wp-content\/uploads\/2026\/03\/tomy_01-273x188.jpg\" alt=\"\" width=\"273\" height=\"188\" srcset=\"https:\/\/parquedaterranova.pt\/portal\/wp-content\/uploads\/2026\/03\/tomy_01-273x188.jpg 273w, https:\/\/parquedaterranova.pt\/portal\/wp-content\/uploads\/2026\/03\/tomy_01-768x530.jpg 768w, https:\/\/parquedaterranova.pt\/portal\/wp-content\/uploads\/2026\/03\/tomy_01-435x300.jpg 435w, https:\/\/parquedaterranova.pt\/portal\/wp-content\/uploads\/2026\/03\/tomy_01.jpg 960w\" sizes=\"auto, (max-width: 273px) 100vw, 273px\" \/>O nosso querido TOMMY velhinho partiu, ap\u00f3s uma longa e penosa doen\u00e7a, para o &#8220;C\u00e9u de C\u00e3o&#8221;, na passada 6\u00aa feira. Conforme poder\u00e3o recordar-se, j\u00e1 desde o fim do Ver\u00e3o que o TOMMY combatia, com a ajuda de antibi\u00f3ticos, anti-inflamat\u00f3rios, e per\u00edodos de internamento para extrac\u00e7\u00e3o de dentes e limpeza de abcessos recorrentes, uma grande infec\u00e7\u00e3o, que, apesar de todos os cuidados recebidos, n\u00e3o se conseguia debelar, tendo atingido o maxilar superior. Durante bastante tempo, foi poss\u00edvel ir proporcionando ao TOMMY o al\u00edvio necess\u00e1rio para que usufru\u00edsse de alguma qualidade de vida, e, a partir de determinada altura, foi transferido do espa\u00e7o que h\u00e1 v\u00e1rios anos partilhava com os seus queridos &#8220;c\u00e3opanheiros&#8221; CAN\u00c9 e MAQUINISTA para a &#8220;Casa do Sr. Jos\u00e9&#8221;, de forma a poder usufruir n\u00e3o s\u00f3 de maior conforto,mas, principalmente, da vigil\u00e2ncia e assist\u00eancia constantes que passara a requerer, al\u00e9m dos cuidados mais espec\u00edficos e curativos di\u00e1rios que se tinham tornado imprescind\u00edveis. O facto de o TOMMY mostrar grande apetite, e de se movimentar sem dificuldades, apesar de se notar que precisava de repousar por cada vez mais longos per\u00edodos, permitia-nos acalentar alguma esperan\u00e7a de que o seu organismo conseguisse, enfim, reagir e ajudar no combate \u00e0 sua doen\u00e7a, mas, nas \u00faltimas duas semanas, o seu estado foi-se agravando, e j\u00e1 n\u00e3o conseguia alimentar-se sem primeiro lhe ser administrado um anti-inflamat\u00f3rio\/analg\u00e9sico forte, pois come\u00e7ou a apresentar crescentes dificuldades em mover o maxilar e em engolir. Finalmente, a dificuldade tornou-se t\u00e3o patente, e a consequente perda de qualidade de vida t\u00e3o \u00f3bvia, que, embora desolados, n\u00e3o pudemos deixar de aceitar que tinha chegado o momento de ajudarmos o TOMMY a partir&#8230; para esse lugar onde n\u00e3o h\u00e1 mais sofrimento, nem mais injec\u00e7\u00f5es, nem mais curativos dolorosos, nem mais ansiedade. E assim, na 6\u00aa feira, rodeado de todos aqueles que dele cuidavam, e rodeado de todo o carinho e amor, o TOMMY partiu, serenamente&#8230; e t\u00e3o rapidamente como se, de facto, estivesse \u00e0 espera&#8230; sim, da sua liberta\u00e7\u00e3o. \u00c9 dif\u00edcil descrever o que se sente nestas alturas, em que, acima da nossa vontade de os manter connosco e sob os nossos cuidados, e ap\u00f3s um tremendo duelo interior em que duvidamos de n\u00f3s, e se fizemos tudo o que estava ao nosso alcance, ou se persistir \u00b4, de facto, e apenas, ego\u00edsmo de nossa parte, acabamos por colocar o que, no fundo, sabemos que \u00e9 a decis\u00e3o certa, e, por amor deles, a \u00fanica poss\u00edvel. N\u00e3o, n\u00e3o h\u00e1 palavras para descrever o quanto estes momentos, em que o amor por eles se sobrep\u00f5e ao desejo de os manter na nossa companhia, s\u00e3o dif\u00edceis de suportar &#8211; mais ainda que aqueles em que eles partem naturalmente, j\u00e1 de si desgarradores, por muito que deles estejamos \u00e0 espera, e por muito que por eles tenhamos passado centenas de vezes, ao longo dos anos. Mas o mais importante, ou talvez a \u00fanica coisa que importa&#8230; \u00e9 sab\u00ea-los, finalmente, em PAZ, e o nosso querido TOMMY est\u00e1, sem d\u00favida alguma, agora, em PAZ. O TOMMY estava connosco desde Abril de 2005, e era ainda um cachorro quando veio para o P.T.N., ap\u00f3s um resgate verdadeiramente \u00e9pico, que ficou para sempre registado n\u00e3o s\u00f3 nos nossos cora\u00e7\u00f5es e do nosso querido Amigo Dami\u00e3o Louren\u00e7o, que foi quem primeiro o encontrou, mas tamb\u00e9m no nosso livro &#8220;Alma de C\u00e3o &#8211; Hist\u00f3rias do Parque, com Amor&#8221;. Foi muito feliz, ao longo destes quase 13 anos em que aqui cresceu e envelheceu, exemplarmente apoiado, durante uma grande parte deles, pela sua C\u00e3omadrinha, Anabela Correia, a quem agradecemos, muito comovidos, do fundo do cora\u00e7\u00e3o. Sim, o nosso bravo e corajoso TOMMY teve uma vida plena, aqui, e foi verdadeiramente feliz&#8230; e essa certeza, aliada \u00e0 de sabermos que est\u00e1 agora em PAZ, n\u00e3o diminui em nada a nossa saudade dele&#8230; mas tempera a nossa mem\u00f3ria com alguns sorrisos, por entre as l\u00e1grimas que ainda brotam. At\u00e9 sempre, querido TOMMY&#8230; pois para sempre permanecer\u00e1s bem vivo, nos nossos cora\u00e7\u00f5es e na &#8220;Alma de C\u00e3o&#8221; deste teu LAR! &#8211; A Equipa do P.T.N.<\/p>\n<p style=\"text-align: right;\"><a href=\"https:\/\/parquedaterranova.pt\/portal\/?page_id=254\"><strong>VOLTAR<\/strong><\/a><\/p>\n<p style=\"text-align: justify;\"><strong>\u00a0<\/strong><\/p>\n\n","protected":false},"excerpt":{"rendered":"<p>* TOMMY * (3 de Novembro de 2017) O nosso querido TOMMY velhinho partiu, ap\u00f3s uma longa e penosa doen\u00e7a, para o &#8220;C\u00e9u de C\u00e3o&#8221;, na passada 6\u00aa feira. Conforme poder\u00e3o recordar-se, j\u00e1 desde o fim do Ver\u00e3o que o &hellip; <a href=\"https:\/\/parquedaterranova.pt\/portal\/?page_id=979\">Continuar a ler <span class=\"meta-nav\">&rarr;<\/span><\/a><\/p>\n","protected":false},"author":1,"featured_media":0,"parent":0,"menu_order":8,"comment_status":"closed","ping_status":"closed","template":"sidebar-page.php","meta":{"footnotes":""},"class_list":["post-979","page","type-page","status-publish","hentry"],"_links":{"self":[{"href":"https:\/\/parquedaterranova.pt\/portal\/index.php?rest_route=\/wp\/v2\/pages\/979","targetHints":{"allow":["GET"]}}],"collection":[{"href":"https:\/\/parquedaterranova.pt\/portal\/index.php?rest_route=\/wp\/v2\/pages"}],"about":[{"href":"https:\/\/parquedaterranova.pt\/portal\/index.php?rest_route=\/wp\/v2\/types\/page"}],"author":[{"embeddable":true,"href":"https:\/\/parquedaterranova.pt\/portal\/index.php?rest_route=\/wp\/v2\/users\/1"}],"replies":[{"embeddable":true,"href":"https:\/\/parquedaterranova.pt\/portal\/index.php?rest_route=%2Fwp%2Fv2%2Fcomments&post=979"}],"version-history":[{"count":1,"href":"https:\/\/parquedaterranova.pt\/portal\/index.php?rest_route=\/wp\/v2\/pages\/979\/revisions"}],"predecessor-version":[{"id":980,"href":"https:\/\/parquedaterranova.pt\/portal\/index.php?rest_route=\/wp\/v2\/pages\/979\/revisions\/980"}],"wp:attachment":[{"href":"https:\/\/parquedaterranova.pt\/portal\/index.php?rest_route=%2Fwp%2Fv2%2Fmedia&parent=979"}],"curies":[{"name":"wp","href":"https:\/\/api.w.org\/{rel}","templated":true}]}}