{"id":875,"date":"2026-03-04T10:48:19","date_gmt":"2026-03-04T10:48:19","guid":{"rendered":"https:\/\/parquedaterranova.pt\/portal\/?page_id=875"},"modified":"2026-03-04T10:50:46","modified_gmt":"2026-03-04T10:50:46","slug":"violeta-clarissa","status":"publish","type":"page","link":"https:\/\/parquedaterranova.pt\/portal\/?page_id=875","title":{"rendered":"Violeta Clarissa"},"content":{"rendered":"<p>VIOLETA CLARISSA\u00a0 (03 de Outubro de 2023)<\/p>\n<p style=\"text-align: justify;\"><img loading=\"lazy\" decoding=\"async\" class=\"size-medium wp-image-873 alignleft\" src=\"https:\/\/parquedaterranova.pt\/portal\/wp-content\/uploads\/2026\/03\/violeta_clarissa_01-106x188.jpg\" alt=\"\" width=\"106\" height=\"188\" srcset=\"https:\/\/parquedaterranova.pt\/portal\/wp-content\/uploads\/2026\/03\/violeta_clarissa_01-106x188.jpg 106w, https:\/\/parquedaterranova.pt\/portal\/wp-content\/uploads\/2026\/03\/violeta_clarissa_01-487x867.jpg 487w, https:\/\/parquedaterranova.pt\/portal\/wp-content\/uploads\/2026\/03\/violeta_clarissa_01-168x300.jpg 168w, https:\/\/parquedaterranova.pt\/portal\/wp-content\/uploads\/2026\/03\/violeta_clarissa_01.jpg 526w\" sizes=\"auto, (max-width: 106px) 100vw, 106px\" \/>&#8230; Hoje (4 de Outubro) celebra-se o Dia Mundial do Animal, mas n\u00f3s, aqui no P.T.N., choramos a partida, ontem \u00e0 tarde, da nossa querida VIOLETA CLARISSA para o &#8220;C\u00e9u de C\u00e3o&#8221;, enquanto vamos cuidando de todos os nossos outros queridos c\u00e3opanheiros, como todos os dias. Era grande a nossa esperan\u00e7a de que hoje, precisamente, pud\u00e9ssemos trazer a nossa querida velhinha para casa, mas, infelizmente, ontem \u00e0 tarde o estado dela agravou-se consideravelmente, com s\u00fabitos picos de temperatura e crescentes dificuldades respirat\u00f3rias, n\u00e3o se verificando qualquer resposta \u00e0s tentativas de reverter a situa\u00e7\u00e3o. Estava presente a nossa F\u00e1tima, da equipa do P.T.N., que a acalentou e acarinhou nos seus \u00faltimos momentos, para que partisse acompanhada por uma voz amiga e os miminhos de que sempre usufru\u00edra. Quando mais n\u00e3o \u00e9 poss\u00edvel, ao menos que tenhamos a oportunidade de os acompanhar e mimar no momento da partida&#8230; A VIOLETA CLARISSA tinha j\u00e1 18 anos, todos eles vividos no Parque da Terra Nova, onde nasceu de uma cadelinha que acolhemos gr\u00e1vida, sendo irm\u00e3 de ninhada das duas g\u00e9meas id\u00eanticas D\u00c1LIA (que tamb\u00e9m j\u00e1 partiu para o &#8220;C\u00e9u de C\u00e3o&#8221; e ROSA (que ainda est\u00e1 connosco) mas completamente diferente, fisicamente. Ao longo de tantos anos, nunca nenhuma das tr\u00eas irm\u00e3s, mesmo a VIOLETA, t\u00e3o fofa e felpuda, teve qualquer manifesta\u00e7\u00e3o de interesse na sua adop\u00e7\u00e3o, pelo que por aqui foram crescendo e envelhecendo, vendo chegar e partir c\u00e3opanheiros, primeiro brincando e correndo, e depois ficando cada vez mais calmas e mais pachorrentas, al\u00e9m de mais mimalhas. A VIOLETA CLARISSA era muito discreta, mas nos \u00faltimos anos cada vez mais apegada a n\u00f3s, e a pedir mais carinhos. E&#8230; \u00e9 claro que vamos ter muitas saudades dela, e que nunca poderemos esquec\u00ea-la&#8230; \u00e0 nossa &#8220;taneirinha&#8221; fofa e meiga. At\u00e9 sempre, querida VIOLETA CLARISSA&#8230; gostamos muito, muito de ti!<\/p>\n<p style=\"text-align: right;\"><a href=\"https:\/\/parquedaterranova.pt\/portal\/?page_id=533\"><strong>VOLTAR\u00a0<\/strong><\/a><\/p>\n\n\n\n","protected":false},"excerpt":{"rendered":"<p>VIOLETA CLARISSA\u00a0 (03 de Outubro de 2023) &#8230; Hoje (4 de Outubro) celebra-se o Dia Mundial do Animal, mas n\u00f3s, aqui no P.T.N., choramos a partida, ontem \u00e0 tarde, da nossa querida VIOLETA CLARISSA para o &#8220;C\u00e9u de C\u00e3o&#8221;, enquanto &hellip; <a href=\"https:\/\/parquedaterranova.pt\/portal\/?page_id=875\">Continuar a ler <span class=\"meta-nav\">&rarr;<\/span><\/a><\/p>\n","protected":false},"author":1,"featured_media":0,"parent":0,"menu_order":8,"comment_status":"closed","ping_status":"closed","template":"sidebar-page.php","meta":{"footnotes":""},"class_list":["post-875","page","type-page","status-publish","hentry"],"_links":{"self":[{"href":"https:\/\/parquedaterranova.pt\/portal\/index.php?rest_route=\/wp\/v2\/pages\/875","targetHints":{"allow":["GET"]}}],"collection":[{"href":"https:\/\/parquedaterranova.pt\/portal\/index.php?rest_route=\/wp\/v2\/pages"}],"about":[{"href":"https:\/\/parquedaterranova.pt\/portal\/index.php?rest_route=\/wp\/v2\/types\/page"}],"author":[{"embeddable":true,"href":"https:\/\/parquedaterranova.pt\/portal\/index.php?rest_route=\/wp\/v2\/users\/1"}],"replies":[{"embeddable":true,"href":"https:\/\/parquedaterranova.pt\/portal\/index.php?rest_route=%2Fwp%2Fv2%2Fcomments&post=875"}],"version-history":[{"count":1,"href":"https:\/\/parquedaterranova.pt\/portal\/index.php?rest_route=\/wp\/v2\/pages\/875\/revisions"}],"predecessor-version":[{"id":876,"href":"https:\/\/parquedaterranova.pt\/portal\/index.php?rest_route=\/wp\/v2\/pages\/875\/revisions\/876"}],"wp:attachment":[{"href":"https:\/\/parquedaterranova.pt\/portal\/index.php?rest_route=%2Fwp%2Fv2%2Fmedia&parent=875"}],"curies":[{"name":"wp","href":"https:\/\/api.w.org\/{rel}","templated":true}]}}