{"id":837,"date":"2026-02-23T14:25:43","date_gmt":"2026-02-23T14:25:43","guid":{"rendered":"https:\/\/parquedaterranova.pt\/portal\/?page_id=837"},"modified":"2026-02-23T14:27:04","modified_gmt":"2026-02-23T14:27:04","slug":"pipoca-loureno","status":"publish","type":"page","link":"https:\/\/parquedaterranova.pt\/portal\/?page_id=837","title":{"rendered":"Pipoca &#8220;Louren\u00e7o&#8221;"},"content":{"rendered":"<p>* PIPOCA &#8220;LOUREN\u00c7O&#8221; * (7 de Junho de 2023)<\/p>\n<p style=\"text-align: justify;\"><img loading=\"lazy\" decoding=\"async\" class=\"size-medium wp-image-836 alignleft\" src=\"https:\/\/parquedaterranova.pt\/portal\/wp-content\/uploads\/2026\/02\/pipoca_lourenco_01-141x188.jpg\" alt=\"\" width=\"141\" height=\"188\" srcset=\"https:\/\/parquedaterranova.pt\/portal\/wp-content\/uploads\/2026\/02\/pipoca_lourenco_01-141x188.jpg 141w, https:\/\/parquedaterranova.pt\/portal\/wp-content\/uploads\/2026\/02\/pipoca_lourenco_01-225x300.jpg 225w, https:\/\/parquedaterranova.pt\/portal\/wp-content\/uploads\/2026\/02\/pipoca_lourenco_01.jpg 526w\" sizes=\"auto, (max-width: 141px) 100vw, 141px\" \/>\u00c9 com a mais profunda tristeza que comunicamos a partida da nossa querida PIPOCA, na passada quarta feira, para o &#8220;C\u00e9u de C\u00e3o&#8221;. A nossa linda e meiga velhinha j\u00e1 estava doente h\u00e1 bastante tempo, com um tumor na cavidade oral que, conforme oportunamente informamos, se estendia tamb\u00e9m \u00e0 faringe, e por esse motivo n\u00e3o podia ser removido cirurgicamente. Com a medica\u00e7\u00e3o e os cuidados paliativos adequados, e sempre com acompanhamento veterin\u00e1rio, ainda foi poss\u00edvel proporcionar \u00e0 PIPOCA, que tamb\u00e9m era diab\u00e9tica e cega, algum tempo de conforto e aus\u00eancia de dores, mas nas \u00faltimas duas semanas a nossa querida velhinha foi deixando de se alimentar, e estava cada vez mais d\u00e9bil e let\u00e1rgica, at\u00e9 que&#8230; com o cora\u00e7\u00e3o partido, mas conscientes de que, por amor dela, n\u00e3o pod\u00edamos deixar de tomar essa que \u00e9 a decis\u00e3o mais dif\u00edcil de todas, tivemos de a ajudar a partir em paz, sem sofrimento, e rodeada de todo o nosso carinho e miminhos. A PIPOCA j\u00e1 estava connosco h\u00e1 muitos anos, e era uma cadelinha muito doce, extremamente meiga, que adorava a companhia dos humanos e que se dava bem com todos os outros c\u00e3opanheiros. Deixa, sem d\u00favida alguma, um grande vazio, uma saudade imensa, e, durante muito tempo, vamos olhar para a sua caminha, e para o lugar, na cozinha, onde mais gostava de estar&#8230; e sentir aquele aperto no cora\u00e7\u00e3o, que d\u00f3i, d\u00f3i tanto. Mas, por outro lado, sentiremos sempre uma enorme gratid\u00e3o por termos tido o privil\u00e9gio de conviver com este ser t\u00e3o luminoso e especial e termos podido cuidar dela dando-lhe e dela recebendo tanto Amor. At\u00e9 sempre, querida PIPOCA &#8220;LOUREN\u00c7O&#8221;, gostamos muito, muito, de ti!<\/p>\n<p style=\"text-align: right;\"><a href=\"https:\/\/parquedaterranova.pt\/portal\/?page_id=533\"><strong>VOLTAR\u00a0<\/strong><\/a><\/p>\n\n\n\n","protected":false},"excerpt":{"rendered":"<p>* PIPOCA &#8220;LOUREN\u00c7O&#8221; * (7 de Junho de 2023) \u00c9 com a mais profunda tristeza que comunicamos a partida da nossa querida PIPOCA, na passada quarta feira, para o &#8220;C\u00e9u de C\u00e3o&#8221;. A nossa linda e meiga velhinha j\u00e1 estava &hellip; <a href=\"https:\/\/parquedaterranova.pt\/portal\/?page_id=837\">Continuar a ler <span class=\"meta-nav\">&rarr;<\/span><\/a><\/p>\n","protected":false},"author":1,"featured_media":0,"parent":0,"menu_order":8,"comment_status":"closed","ping_status":"closed","template":"sidebar-page.php","meta":{"footnotes":""},"class_list":["post-837","page","type-page","status-publish","hentry"],"_links":{"self":[{"href":"https:\/\/parquedaterranova.pt\/portal\/index.php?rest_route=\/wp\/v2\/pages\/837","targetHints":{"allow":["GET"]}}],"collection":[{"href":"https:\/\/parquedaterranova.pt\/portal\/index.php?rest_route=\/wp\/v2\/pages"}],"about":[{"href":"https:\/\/parquedaterranova.pt\/portal\/index.php?rest_route=\/wp\/v2\/types\/page"}],"author":[{"embeddable":true,"href":"https:\/\/parquedaterranova.pt\/portal\/index.php?rest_route=\/wp\/v2\/users\/1"}],"replies":[{"embeddable":true,"href":"https:\/\/parquedaterranova.pt\/portal\/index.php?rest_route=%2Fwp%2Fv2%2Fcomments&post=837"}],"version-history":[{"count":1,"href":"https:\/\/parquedaterranova.pt\/portal\/index.php?rest_route=\/wp\/v2\/pages\/837\/revisions"}],"predecessor-version":[{"id":838,"href":"https:\/\/parquedaterranova.pt\/portal\/index.php?rest_route=\/wp\/v2\/pages\/837\/revisions\/838"}],"wp:attachment":[{"href":"https:\/\/parquedaterranova.pt\/portal\/index.php?rest_route=%2Fwp%2Fv2%2Fmedia&parent=837"}],"curies":[{"name":"wp","href":"https:\/\/api.w.org\/{rel}","templated":true}]}}