{"id":831,"date":"2026-02-23T12:19:47","date_gmt":"2026-02-23T12:19:47","guid":{"rendered":"https:\/\/parquedaterranova.pt\/portal\/?page_id=831"},"modified":"2026-02-23T12:21:03","modified_gmt":"2026-02-23T12:21:03","slug":"pipa-silva","status":"publish","type":"page","link":"https:\/\/parquedaterranova.pt\/portal\/?page_id=831","title":{"rendered":"Pipa &#8220;Silva&#8221;"},"content":{"rendered":"<p>* PIPA &#8220;SILVA&#8221; * (24 de Junho de 2022)<\/p>\n<p style=\"text-align: justify;\"><img loading=\"lazy\" decoding=\"async\" class=\"size-medium wp-image-830 alignleft\" src=\"https:\/\/parquedaterranova.pt\/portal\/wp-content\/uploads\/2026\/02\/pipa_silva_01-240x188.jpg\" alt=\"\" width=\"240\" height=\"188\" srcset=\"https:\/\/parquedaterranova.pt\/portal\/wp-content\/uploads\/2026\/02\/pipa_silva_01-240x188.jpg 240w, https:\/\/parquedaterranova.pt\/portal\/wp-content\/uploads\/2026\/02\/pipa_silva_01-384x300.jpg 384w, https:\/\/parquedaterranova.pt\/portal\/wp-content\/uploads\/2026\/02\/pipa_silva_01.jpg 720w\" sizes=\"auto, (max-width: 240px) 100vw, 240px\" \/>Dos cinco irm\u00e3os &#8220;SILVAS&#8221; que um dia, h\u00e1 j\u00e1 muitos anos, nos atiraram por cima de um dos muros c\u00e1 para dentro (um silvado amorteceu-lhes a queda, que mesmo assim, infelizmente, vitimou um dos que eram seis cachorrinhos) resta-nos, agora, apenas uma &#8211; a FUSCA &#8211; pois a PIPA partiu para o &#8220;C\u00e9u de C\u00e3o&#8221; na passada sexta feira, ap\u00f3s um internamento de dois dias. Ao longo da \u00faltima semana, a PIPA tinha perdido peso de uma forma brutal, e embora n\u00e3o apresentasse outros sintomas, pois mantinha-se bastante activa, com bom apetite, e sem diarreia ou v\u00f3mitos, decidimos lev\u00e1-la ao Hospital Veterin\u00e1rio de Santo Tirso, para que fosse examinada, pois a lembran\u00e7a do PEPSI, a quem sucedera algo semelhante, culminando num terr\u00edvel diagn\u00f3stico e na sua partida, e a recente perda da PIPOCA, com uma grav\u00edssima neoplasia, levavam-nos a encarar este caso com enorme preocupa\u00e7\u00e3o. E&#8230; infelizmente, a nossa preocupa\u00e7\u00e3o tinha toda a raz\u00e3o de ser, pois os exames a que a nossa PIPA foi submetida revelaram uma fibrose hep\u00e1tica irrevers\u00edvel, com n\u00f3dulos neopl\u00e1sicos, e a presen\u00e7a, entretanto, de icter\u00edcia. Tal como aconteceu com o PEPSI, a PIPA j\u00e1 devia andar doente h\u00e1 muito tempo, tendo o \u00fanico sintoma &#8211; perda de peso s\u00fabita e pronunciada &#8211; surgido quando j\u00e1 era tarde demais. Ali\u00e1s, atendendo aos antecedentes &#8211; os casos j\u00e1 referidos do PEPSI e da PIPOCA, e mesmo o internamento, h\u00e1 n\u00e3o muito tempo, da FUSCA, com sintomas de insufici\u00eancia hep\u00e1tica, da qual no entanto recuperou &#8211; os veterin\u00e1rios suspeitam de uma doen\u00e7a degenerativa de origem gen\u00e9tica. Deveremos, assim, manter a FUSCA sob vigil\u00e2ncia, submetendo-a periodicamente a avalia\u00e7\u00f5es de controlo da fun\u00e7\u00e3o hep\u00e1tica, para actuarmos de imediato, perante qualquer nova altera\u00e7\u00e3o que possa vir a surgir. Conforme aqui lembramos, eram seis, os cachorrinhos que foram um dia atirados c\u00e1 para dentro, tendo uma das cadelinhas morrido na queda. Aos cinco sobreviventes &#8211; mais tr\u00eas cadelinhas e dois c\u00e3ezinhos &#8211; apelidamo-los de &#8220;SILVAS&#8221;, em mem\u00f3ria do silvado que os amparou. Pouco tempo depois, um dos machos foi adoptado, recebendo da nova fam\u00edlia o nome de MAX. Quanto aos restantes, apesar de lind\u00edssimos, nunca despertaram o interesse de quaisquer potenciais adoptantes, tendo, no entanto, sido apadrinhados e recebido os nomes de PEPSI, PIPOCA, PIPA e FUSCA. Das tr\u00eas cadelinhas, apesar de t\u00e3o parecidas que se tornava dif\u00edcil, a quem n\u00e3o as conhecesse bem, distingui-las umas das outras, a PIPA, mais escura, era tamb\u00e9m a maior de todas &#8211; mais corpulenta, at\u00e9, que o pr\u00f3prio PEPSI. Em comum, tinham todos a caracter\u00edstica de serem t\u00edmidos e desconfiados, principalmente na presen\u00e7a de humanos menos conhecidos. A FUSCA, a nossa \u00faltima &#8220;SILVA&#8221;, talvez seja a mais soci\u00e1vel, mas, certamente, e embora n\u00e3o esteja s\u00f3zinha, vai sentir a falta das irm\u00e3s, pois eram muito unidas. Tamb\u00e9m n\u00f3s vamos sentir a falta da linda PIPA, como a sentimos dos outros queridos &#8220;SILVAS&#8221;&#8230; com quem ela, agora, foi reunir-se no &#8220;C\u00e9u de C\u00e3o&#8221;. Mas, aqui, procuraremos minorar as saudades da FUSCA, com todo o carinho, e conservaremos, com todo o carinho tamb\u00e9m, na nossa mem\u00f3ria e no nosso , a nossa querida PIPA&#8230; e os seus outros manos &#8220;SILVAS&#8221;!<\/p>\n<p style=\"text-align: right;\"><a href=\"https:\/\/parquedaterranova.pt\/portal\/?page_id=406\"><strong>VOLTAR<\/strong><\/a><\/p>\n\n","protected":false},"excerpt":{"rendered":"<p>* PIPA &#8220;SILVA&#8221; * (24 de Junho de 2022) Dos cinco irm\u00e3os &#8220;SILVAS&#8221; que um dia, h\u00e1 j\u00e1 muitos anos, nos atiraram por cima de um dos muros c\u00e1 para dentro (um silvado amorteceu-lhes a queda, que mesmo assim, infelizmente, &hellip; <a href=\"https:\/\/parquedaterranova.pt\/portal\/?page_id=831\">Continuar a ler <span class=\"meta-nav\">&rarr;<\/span><\/a><\/p>\n","protected":false},"author":1,"featured_media":0,"parent":0,"menu_order":7,"comment_status":"closed","ping_status":"closed","template":"sidebar-page.php","meta":{"footnotes":""},"class_list":["post-831","page","type-page","status-publish","hentry"],"_links":{"self":[{"href":"https:\/\/parquedaterranova.pt\/portal\/index.php?rest_route=\/wp\/v2\/pages\/831","targetHints":{"allow":["GET"]}}],"collection":[{"href":"https:\/\/parquedaterranova.pt\/portal\/index.php?rest_route=\/wp\/v2\/pages"}],"about":[{"href":"https:\/\/parquedaterranova.pt\/portal\/index.php?rest_route=\/wp\/v2\/types\/page"}],"author":[{"embeddable":true,"href":"https:\/\/parquedaterranova.pt\/portal\/index.php?rest_route=\/wp\/v2\/users\/1"}],"replies":[{"embeddable":true,"href":"https:\/\/parquedaterranova.pt\/portal\/index.php?rest_route=%2Fwp%2Fv2%2Fcomments&post=831"}],"version-history":[{"count":1,"href":"https:\/\/parquedaterranova.pt\/portal\/index.php?rest_route=\/wp\/v2\/pages\/831\/revisions"}],"predecessor-version":[{"id":832,"href":"https:\/\/parquedaterranova.pt\/portal\/index.php?rest_route=\/wp\/v2\/pages\/831\/revisions\/832"}],"wp:attachment":[{"href":"https:\/\/parquedaterranova.pt\/portal\/index.php?rest_route=%2Fwp%2Fv2%2Fmedia&parent=831"}],"curies":[{"name":"wp","href":"https:\/\/api.w.org\/{rel}","templated":true}]}}