{"id":770,"date":"2026-02-11T19:19:53","date_gmt":"2026-02-11T19:19:53","guid":{"rendered":"https:\/\/parquedaterranova.pt\/portal\/?page_id=770"},"modified":"2026-02-11T19:21:50","modified_gmt":"2026-02-11T19:21:50","slug":"kina","status":"publish","type":"page","link":"https:\/\/parquedaterranova.pt\/portal\/?page_id=770","title":{"rendered":"Kina"},"content":{"rendered":"<p>* KINA * (3 de Dezembro de 2022)<\/p>\n<p style=\"text-align: justify;\"><img loading=\"lazy\" decoding=\"async\" class=\"size-medium wp-image-769 alignleft\" src=\"https:\/\/parquedaterranova.pt\/portal\/wp-content\/uploads\/2026\/02\/kina_01-188x188.jpg\" alt=\"\" width=\"188\" height=\"188\" srcset=\"https:\/\/parquedaterranova.pt\/portal\/wp-content\/uploads\/2026\/02\/kina_01-188x188.jpg 188w, https:\/\/parquedaterranova.pt\/portal\/wp-content\/uploads\/2026\/02\/kina_01-300x300.jpg 300w, https:\/\/parquedaterranova.pt\/portal\/wp-content\/uploads\/2026\/02\/kina_01.jpg 507w\" sizes=\"auto, (max-width: 188px) 100vw, 188px\" \/>Na impossibilidade, mais uma vez, de publicarmos directamente no nosso \u00e1lbum &#8220;C\u00e9u de C\u00e3o&#8221;, \u00e9 com enorme tristeza que, desta forma, participamos que a nossa querida KINA n\u00e3o resistiu, e deixou-nos durante a madrugada de s\u00e1bado. Como aqui t\u00ednhamos noticiado, a KINA foi internada na passada sexta feira, devido a dificuldades respirat\u00f3rias, que supunhamos serem decorrentes de uma obstru\u00e7\u00e3o pulmonar cr\u00f3nica de que sofria h\u00e1 j\u00e1 alguns anos. No entanto, e para nossa enorme surpresa, no raio X realizado foi detectada uma grande massa, que uma ecografia revelou situar-se numa extensa \u00e1rea que abrangia a ves\u00edcula biliar, o est\u00f4mago, e o es\u00f3fago, e que estava a comprimir todo o trato respirat\u00f3rio, incluindo a traqueia e a laringe, causando-lhe significativa dificuldade em respirar. Apesar dos cuidados de emerg\u00eancia administrados, que inclu\u00edram oxigenoterapia, o estado da nossa KINA agravou-se rapidamente, e o desfecho, infelizmente inevit\u00e1vel, n\u00e3o tardou. A KINA tinha 16 anos, e j\u00e1 estava connosco h\u00e1 muito tempo, tendo sido resgatada da rua, onde estava a ser atacada por outros c\u00e3es (com dono, mas que os deixava deambular no exterior&#8230;, aqui em Riba de Ave. Era ainda relativamente jovem, ent\u00e3o, e mostrava-se, inicialmente, um pouco agressiva com os outros c\u00e3opanheiros, com excep\u00e7\u00e3o de dois ou tr\u00eas, com quem brincava muito. Foi entretanto esterilizada, e, com o tempo, foi-se tornando mais soci\u00e1vel, o que foi muito bom, porque, num exame de rotina, foi-lhe detectada a tal obstru\u00e7\u00e3o pulmonar, decorrente, talvez, de alguma pneumonia ou pleurisia sofrida no seu passado de cadela errante, e foi necess\u00e1rio p\u00f4-la num ambiente mais vigiado, tendo come\u00e7ado a passar os seus dias na &#8220;Casa do Sr. Jos\u00e9&#8221;. Nesta imagem, podem v\u00ea-la precisamente nesse espa\u00e7o, que partilhava com outros c\u00e3opanheiros tamb\u00e9m com problemas de sa\u00fade diversos ou idades muito avan\u00e7adas. Era muito gira, a nossa querida KINA refilona, que gostava muito de se esfregar nas nossas pernas, de um lado para o outro, quando est\u00e1vamos a tratar daquela &#8220;turma&#8221;, e vamos sentir muit\u00edssimo a sua falta&#8230; mas, na nossa mem\u00f3ria e nos nossos cora\u00e7\u00f5es, permanecer\u00e1, bem viva, para sempre!<\/p>\n<p style=\"text-align: right;\"><a href=\"https:\/\/parquedaterranova.pt\/portal\/?page_id=406\"><strong>VOLTAR<\/strong><\/a><\/p>\n\n\n\n","protected":false},"excerpt":{"rendered":"<p>* KINA * (3 de Dezembro de 2022) Na impossibilidade, mais uma vez, de publicarmos directamente no nosso \u00e1lbum &#8220;C\u00e9u de C\u00e3o&#8221;, \u00e9 com enorme tristeza que, desta forma, participamos que a nossa querida KINA n\u00e3o resistiu, e deixou-nos durante &hellip; <a href=\"https:\/\/parquedaterranova.pt\/portal\/?page_id=770\">Continuar a ler <span class=\"meta-nav\">&rarr;<\/span><\/a><\/p>\n","protected":false},"author":1,"featured_media":0,"parent":0,"menu_order":7,"comment_status":"closed","ping_status":"closed","template":"sidebar-page.php","meta":{"footnotes":""},"class_list":["post-770","page","type-page","status-publish","hentry"],"_links":{"self":[{"href":"https:\/\/parquedaterranova.pt\/portal\/index.php?rest_route=\/wp\/v2\/pages\/770","targetHints":{"allow":["GET"]}}],"collection":[{"href":"https:\/\/parquedaterranova.pt\/portal\/index.php?rest_route=\/wp\/v2\/pages"}],"about":[{"href":"https:\/\/parquedaterranova.pt\/portal\/index.php?rest_route=\/wp\/v2\/types\/page"}],"author":[{"embeddable":true,"href":"https:\/\/parquedaterranova.pt\/portal\/index.php?rest_route=\/wp\/v2\/users\/1"}],"replies":[{"embeddable":true,"href":"https:\/\/parquedaterranova.pt\/portal\/index.php?rest_route=%2Fwp%2Fv2%2Fcomments&post=770"}],"version-history":[{"count":1,"href":"https:\/\/parquedaterranova.pt\/portal\/index.php?rest_route=\/wp\/v2\/pages\/770\/revisions"}],"predecessor-version":[{"id":771,"href":"https:\/\/parquedaterranova.pt\/portal\/index.php?rest_route=\/wp\/v2\/pages\/770\/revisions\/771"}],"wp:attachment":[{"href":"https:\/\/parquedaterranova.pt\/portal\/index.php?rest_route=%2Fwp%2Fv2%2Fmedia&parent=770"}],"curies":[{"name":"wp","href":"https:\/\/api.w.org\/{rel}","templated":true}]}}