{"id":749,"date":"2026-02-09T12:41:41","date_gmt":"2026-02-09T12:41:41","guid":{"rendered":"https:\/\/parquedaterranova.pt\/portal\/?page_id=749"},"modified":"2026-02-09T12:45:16","modified_gmt":"2026-02-09T12:45:16","slug":"lace-copy-2-copy-7-copy","status":"publish","type":"page","link":"https:\/\/parquedaterranova.pt\/portal\/?page_id=749","title":{"rendered":"Java"},"content":{"rendered":"<p>*JAVA* (7 de Dezembro de 2022)<\/p>\n<p style=\"text-align: justify;\">&#8230;Teria sido preciso um milagre&#8230; um milagre, em que muito quer\u00edamos acreditar, mas que n\u00e3o aconteceu. E, mesmo conscientes de que este desfecho era inevit\u00e1vel, e postos diante desta realidade, que j\u00e1 tantas vezes tivemos de enfrentar, ainda mantivemos uma t\u00e9nue esperan\u00e7a&#8230; <img loading=\"lazy\" decoding=\"async\" class=\"size-medium wp-image-747 alignleft\" src=\"https:\/\/parquedaterranova.pt\/portal\/wp-content\/uploads\/2026\/02\/java_01-282x188.jpg\" alt=\"\" width=\"282\" height=\"188\" srcset=\"https:\/\/parquedaterranova.pt\/portal\/wp-content\/uploads\/2026\/02\/java_01-282x188.jpg 282w, https:\/\/parquedaterranova.pt\/portal\/wp-content\/uploads\/2026\/02\/java_01-1000x667.jpg 1000w, https:\/\/parquedaterranova.pt\/portal\/wp-content\/uploads\/2026\/02\/java_01-768x512.jpg 768w, https:\/\/parquedaterranova.pt\/portal\/wp-content\/uploads\/2026\/02\/java_01-1536x1025.jpg 1536w, https:\/\/parquedaterranova.pt\/portal\/wp-content\/uploads\/2026\/02\/java_01-450x300.jpg 450w, https:\/\/parquedaterranova.pt\/portal\/wp-content\/uploads\/2026\/02\/java_01.jpg 1772w\" sizes=\"auto, (max-width: 282px) 100vw, 282px\" \/>at\u00e9 que n\u00e3o foi mais poss\u00edvel. Ap\u00f3s uma longa luta contra um linfoma do mais agressivo que podia haver, e um prolongado internamento, o nosso querido, lind\u00edssimo JAVA partiu, serenamente, acarinhado pela Paula, que, h\u00e1 9 anos, o tinha salvo de um fim violento, e pela F\u00e1tima, tamb\u00e9m da nossa equipa. Dizer que estamos devastados \u00e9 pouco. H\u00e1, em n\u00f3s, e para al\u00e9m de uma tristeza indescrit\u00edvel, um sentimento de injusti\u00e7a, porque nenhum destes seres maravilhosos merece passar por este tipo de sofrimento, por uma doen\u00e7a t\u00e3o cruel, e o JAVA, que j\u00e1 tinha sofrido tanto no passado, menos ainda. O JAVA merecia ter vivido muitos mais anos, feliz, mimado, e bem cuidado, como foi, desde que a Paula o trouxe para o P.T.N., em meados de 2013, depois de o ter encontrado em estado de total neglig\u00eancia, num cub\u00edculo, com graves les\u00f5es decorrentes de um passado de corridas, e a amea\u00e7a de &#8220;o arrumarem com um tiro&#8221;, numa quinta vazia, que ia ser vendida. Este galgo magn\u00edfico foi uma luz muito brilhante nos nossos dias e nos cora\u00e7\u00f5es de todos n\u00f3s, que com ele tivemos o privil\u00e9gio de conviver ao longo destes anos, que nos pareceram t\u00e3o curtos. Foi uma li\u00e7\u00e3o de resili\u00eancia, de supera\u00e7\u00e3o, de for\u00e7a de esp\u00edrito. Uma li\u00e7\u00e3o de VIDA, que nunca, nunca mais esqueceremos, e guardaremos, com todo o Amor do mundo, na nossa Alma. Para sempre, JAVA.<\/p>\n<p style=\"text-align: right;\"><a href=\"https:\/\/parquedaterranova.pt\/portal\/?page_id=406\"><strong>VOLTAR<\/strong><\/a><\/p>\n\n","protected":false},"excerpt":{"rendered":"<p>*JAVA* (7 de Dezembro de 2022) &#8230;Teria sido preciso um milagre&#8230; um milagre, em que muito quer\u00edamos acreditar, mas que n\u00e3o aconteceu. E, mesmo conscientes de que este desfecho era inevit\u00e1vel, e postos diante desta realidade, que j\u00e1 tantas vezes &hellip; <a href=\"https:\/\/parquedaterranova.pt\/portal\/?page_id=749\">Continuar a ler <span class=\"meta-nav\">&rarr;<\/span><\/a><\/p>\n","protected":false},"author":1,"featured_media":0,"parent":0,"menu_order":7,"comment_status":"closed","ping_status":"closed","template":"sidebar-page.php","meta":{"footnotes":""},"class_list":["post-749","page","type-page","status-publish","hentry"],"_links":{"self":[{"href":"https:\/\/parquedaterranova.pt\/portal\/index.php?rest_route=\/wp\/v2\/pages\/749","targetHints":{"allow":["GET"]}}],"collection":[{"href":"https:\/\/parquedaterranova.pt\/portal\/index.php?rest_route=\/wp\/v2\/pages"}],"about":[{"href":"https:\/\/parquedaterranova.pt\/portal\/index.php?rest_route=\/wp\/v2\/types\/page"}],"author":[{"embeddable":true,"href":"https:\/\/parquedaterranova.pt\/portal\/index.php?rest_route=\/wp\/v2\/users\/1"}],"replies":[{"embeddable":true,"href":"https:\/\/parquedaterranova.pt\/portal\/index.php?rest_route=%2Fwp%2Fv2%2Fcomments&post=749"}],"version-history":[{"count":1,"href":"https:\/\/parquedaterranova.pt\/portal\/index.php?rest_route=\/wp\/v2\/pages\/749\/revisions"}],"predecessor-version":[{"id":750,"href":"https:\/\/parquedaterranova.pt\/portal\/index.php?rest_route=\/wp\/v2\/pages\/749\/revisions\/750"}],"wp:attachment":[{"href":"https:\/\/parquedaterranova.pt\/portal\/index.php?rest_route=%2Fwp%2Fv2%2Fmedia&parent=749"}],"curies":[{"name":"wp","href":"https:\/\/api.w.org\/{rel}","templated":true}]}}