{"id":533,"date":"2024-02-08T14:57:00","date_gmt":"2024-02-08T14:57:00","guid":{"rendered":"https:\/\/parquedaterranova.pt\/portal\/?page_id=533"},"modified":"2026-03-04T10:52:10","modified_gmt":"2026-03-04T10:52:10","slug":"2016-2-copy-copy-2-copy","status":"publish","type":"page","link":"https:\/\/parquedaterranova.pt\/portal\/?page_id=533","title":{"rendered":"ANO 2023"},"content":{"rendered":"\n<p><\/p>\n\n\n\n<p style=\"text-align: center;\"><span style=\"color: #0000ff;\"><strong>\u201cC\u00c9U DE C\u00c3O\u201d \u2013 Aos Inesquec\u00edveis do Parque, com Amor<\/strong><\/span><\/p>\n<p style=\"text-align: center;\"><span style=\"color: #008000;\">\u201cAchas que os c\u00e3es n\u00e3o v\u00e3o para o C\u00e9u? Pois digo-te que v\u00e3o, e que chegam l\u00e1 muito antes de qualquer um de n\u00f3s!\u201d \u2013 Robert Louis Stevenson<br \/><br \/><\/span><\/p>\n<table style=\"border-collapse: collapse; width: 100%;\">\n<tbody>\n<tr>\n<td style=\"width: 100%;\"><img loading=\"lazy\" decoding=\"async\" class=\"alignnone size-full wp-image-787\" src=\"https:\/\/parquedaterranova.pt\/portal\/wp-content\/uploads\/2026\/02\/makakinho_00.jpg\" alt=\"\" width=\"70\" height=\"75\" \/> <a href=\"https:\/\/parquedaterranova.pt\/portal\/?page_id=789\"><strong>Makakinho &#8211; 28 de Novembro de 2023<\/strong><\/a><\/td>\n<\/tr>\n<tr>\n<td style=\"width: 100%;\"><img loading=\"lazy\" decoding=\"async\" class=\"alignnone size-full wp-image-849\" src=\"https:\/\/parquedaterranova.pt\/portal\/wp-content\/uploads\/2026\/02\/rosa_gemea_grande_00.jpg\" alt=\"\" width=\"74\" height=\"75\" \/> <a href=\"https:\/\/parquedaterranova.pt\/portal\/?page_id=851\"><strong>Rosa &#8220;G\u00e9mea Grande&#8221; &#8211; 17 de Novembro de 2023<\/strong><\/a><\/td>\n<\/tr>\n<tr>\n<td style=\"width: 100%;\"><img loading=\"lazy\" decoding=\"async\" class=\"alignnone size-full wp-image-862\" src=\"https:\/\/parquedaterranova.pt\/portal\/wp-content\/uploads\/2026\/03\/saltitao_00.jpg\" alt=\"\" width=\"68\" height=\"75\" \/> <a href=\"https:\/\/parquedaterranova.pt\/portal\/?page_id=864\"><strong>Saltit\u00e3o &#8211; 16 de Novembro de 2023<\/strong><\/a><\/td>\n<\/tr>\n<tr>\n<td style=\"width: 100%;\"><img loading=\"lazy\" decoding=\"async\" class=\"alignnone size-full wp-image-813\" src=\"https:\/\/parquedaterranova.pt\/portal\/wp-content\/uploads\/2026\/02\/nhonho_00.jpg\" alt=\"\" width=\"75\" height=\"71\" \/><a href=\"https:\/\/parquedaterranova.pt\/portal\/?page_id=815\"><strong> Nh\u00f3nh\u00f3 &#8211; 27 de Outubro de 2023<\/strong><\/a><\/td>\n<\/tr>\n<tr>\n<td style=\"width: 100%;\"><img loading=\"lazy\" decoding=\"async\" class=\"alignnone size-full wp-image-874\" src=\"https:\/\/parquedaterranova.pt\/portal\/wp-content\/uploads\/2026\/03\/violeta_clarissa_00.jpg\" alt=\"\" width=\"75\" height=\"76\" \/> <a href=\"https:\/\/parquedaterranova.pt\/portal\/?page_id=875\"><strong>Violeta Clarissa &#8211; 3 de Outubro de 2023<\/strong><\/a><\/td>\n<\/tr>\n<tr>\n<td style=\"width: 100%;\"><img loading=\"lazy\" decoding=\"async\" class=\"alignnone size-full wp-image-835\" src=\"https:\/\/parquedaterranova.pt\/portal\/wp-content\/uploads\/2026\/02\/pipoca_lourenco_00.jpg\" alt=\"\" width=\"75\" height=\"75\" \/> <a href=\"https:\/\/parquedaterranova.pt\/portal\/?page_id=837\"><strong>Pipoca &#8220;Louren\u00e7o&#8221; &#8211; 7 de Junho de 2023<\/strong><\/a><\/td>\n<\/tr>\n<tr>\n<td style=\"width: 100%;\"><img loading=\"lazy\" decoding=\"async\" class=\"alignnone size-full wp-image-819\" src=\"https:\/\/parquedaterranova.pt\/portal\/wp-content\/uploads\/2026\/02\/pacha_ofirete_00.jpg\" alt=\"\" width=\"75\" height=\"65\" \/> <a href=\"https:\/\/parquedaterranova.pt\/portal\/?page_id=821\"><strong>Pach\u00e1 &#8220;Ofirete&#8221; &#8211; 10 de Mar\u00e7o de 2023<\/strong><\/a><\/td>\n<\/tr>\n<tr>\n<td style=\"width: 100%;\"><img loading=\"lazy\" decoding=\"async\" class=\"alignnone size-full wp-image-774\" src=\"https:\/\/parquedaterranova.pt\/portal\/wp-content\/uploads\/2026\/02\/kuska_00.jpg\" alt=\"\" width=\"75\" height=\"75\" \/> <a href=\"https:\/\/parquedaterranova.pt\/portal\/?page_id=777\"><strong>Kuska &#8211; 23 de Fevereiro de 2023<\/strong><\/a><\/td>\n<\/tr>\n<tr>\n<td style=\"width: 100%;\"><img loading=\"lazy\" decoding=\"async\" class=\"alignnone size-full wp-image-808\" src=\"https:\/\/parquedaterranova.pt\/portal\/wp-content\/uploads\/2026\/02\/nani_00.jpg\" alt=\"\" width=\"75\" height=\"62\" \/> <a href=\"https:\/\/parquedaterranova.pt\/portal\/?page_id=810\"><strong>Nani &#8211; 7 de Fevereiro de 2023<\/strong><\/a><\/td>\n<\/tr>\n<\/tbody>\n<\/table>\n<p style=\"text-align: center;\"><span style=\"color: #008000;\">\u00a0<\/span><\/p>\n","protected":false},"excerpt":{"rendered":"<p>\u201cC\u00c9U DE C\u00c3O\u201d \u2013 Aos Inesquec\u00edveis do Parque, com Amor \u201cAchas que os c\u00e3es n\u00e3o v\u00e3o para o C\u00e9u? Pois digo-te que v\u00e3o, e que chegam l\u00e1 muito antes de qualquer um de n\u00f3s!\u201d \u2013 Robert Louis Stevenson Makakinho &#8211; &hellip; <a href=\"https:\/\/parquedaterranova.pt\/portal\/?page_id=533\">Continuar a ler <span class=\"meta-nav\">&rarr;<\/span><\/a><\/p>\n","protected":false},"author":1,"featured_media":0,"parent":0,"menu_order":0,"comment_status":"closed","ping_status":"closed","template":"","meta":{"footnotes":""},"class_list":["post-533","page","type-page","status-publish","hentry"],"_links":{"self":[{"href":"https:\/\/parquedaterranova.pt\/portal\/index.php?rest_route=\/wp\/v2\/pages\/533","targetHints":{"allow":["GET"]}}],"collection":[{"href":"https:\/\/parquedaterranova.pt\/portal\/index.php?rest_route=\/wp\/v2\/pages"}],"about":[{"href":"https:\/\/parquedaterranova.pt\/portal\/index.php?rest_route=\/wp\/v2\/types\/page"}],"author":[{"embeddable":true,"href":"https:\/\/parquedaterranova.pt\/portal\/index.php?rest_route=\/wp\/v2\/users\/1"}],"replies":[{"embeddable":true,"href":"https:\/\/parquedaterranova.pt\/portal\/index.php?rest_route=%2Fwp%2Fv2%2Fcomments&post=533"}],"version-history":[{"count":13,"href":"https:\/\/parquedaterranova.pt\/portal\/index.php?rest_route=\/wp\/v2\/pages\/533\/revisions"}],"predecessor-version":[{"id":878,"href":"https:\/\/parquedaterranova.pt\/portal\/index.php?rest_route=\/wp\/v2\/pages\/533\/revisions\/878"}],"wp:attachment":[{"href":"https:\/\/parquedaterranova.pt\/portal\/index.php?rest_route=%2Fwp%2Fv2%2Fmedia&parent=533"}],"curies":[{"name":"wp","href":"https:\/\/api.w.org\/{rel}","templated":true}]}}