{"id":435,"date":"2022-02-07T18:37:10","date_gmt":"2022-02-07T18:37:10","guid":{"rendered":"https:\/\/parquedaterranova.pt\/portal\/?page_id=435"},"modified":"2026-02-20T12:42:19","modified_gmt":"2026-02-20T12:42:19","slug":"lace-copy-2-copy-8","status":"publish","type":"page","link":"https:\/\/parquedaterranova.pt\/portal\/?page_id=435","title":{"rendered":"Girafinha"},"content":{"rendered":"<p>GIRAFINHA (23 de Julho de 2021)<\/p>\n<p style=\"text-align: justify;\"><img loading=\"lazy\" decoding=\"async\" class=\"size-medium wp-image-433 alignleft\" src=\"https:\/\/parquedaterranova.pt\/portal\/wp-content\/uploads\/2022\/02\/girafinha_01-141x188.jpg\" alt=\"\" width=\"141\" height=\"188\" srcset=\"https:\/\/parquedaterranova.pt\/portal\/wp-content\/uploads\/2022\/02\/girafinha_01-141x188.jpg 141w, https:\/\/parquedaterranova.pt\/portal\/wp-content\/uploads\/2022\/02\/girafinha_01-225x300.jpg 225w, https:\/\/parquedaterranova.pt\/portal\/wp-content\/uploads\/2022\/02\/girafinha_01.jpg 473w\" sizes=\"auto, (max-width: 141px) 100vw, 141px\" \/>Estamos desolados! A nossa linda GIRAFINHA, partiu ontem para o &#8220;C\u00e9u de C\u00e3o&#8221;! Conforme t\u00ednhamos noticiado, a nossa querida amiguinha apresentava um grande mal estar, ainda com contornos indefinidos, na passada quinta feira de manh\u00e3. Os sintomas resumiam-se a uma total inapet\u00eancia e a letargia, a que, mais tarde, se associaram v\u00f3mitos. Observada pelo veterin\u00e1rio, apresentou febre, e mais v\u00f3mitos, pelo que foi considerada a necessidade do seu internamento, para realiza\u00e7\u00e3o de an\u00e1lises e de uma ecografia abdominal. Infelizmente, as an\u00e1lises mostraram valores hep\u00e1ticos e renais muit\u00edssimo alterados, e a ecografia revelou a exist\u00eancia de um enorme tumor no f\u00edgado. O estado da nossa GIRAFINHA foi-se agravando muito, com o aparecimento de icter\u00edcia, uma descida brutal da temperatura corporal, e uma profunda prostra\u00e7\u00e3o, tendo acabado por entrar em coma. Com a maior tristeza, mas, infelizmente, com a certeza de que nada era poss\u00edvel fazer para reverter a situa\u00e7\u00e3o, tivemos de tomar aquela decis\u00e3o que nunca \u00e9 f\u00e1cil, mas que por vezes, por amor deles, \u00e9 a \u00fanica&#8230; e a nossa querida amiguinha partiu sem mais sofrimento, e em paz. A GIRAFINHA &#8211; a quem demos esse nome porque tinha, ent\u00e3o, um pescocinho longo e elegante &#8211; tinha sido abandonada dentro das nossas instala\u00e7\u00f5es em 2013, ainda muito jovem, com cerca de um ano. Foi devidamente vacinada, desparasitada e esterilizada, e ficou dispon\u00edvel para adop\u00e7\u00e3o, mas os anos foram passando, e nunca surgiu nenhum interessado em dar um lar a esta cadelinha, apesar de muito bonita, brincalhona, e soci\u00e1vel, quer com humanos, quer com os outros c\u00e3es. <img loading=\"lazy\" decoding=\"async\" class=\"size-medium wp-image-434 alignright\" src=\"https:\/\/parquedaterranova.pt\/portal\/wp-content\/uploads\/2022\/02\/girafinha_02-97x188.jpg\" alt=\"\" width=\"97\" height=\"188\" srcset=\"https:\/\/parquedaterranova.pt\/portal\/wp-content\/uploads\/2022\/02\/girafinha_02-97x188.jpg 97w, https:\/\/parquedaterranova.pt\/portal\/wp-content\/uploads\/2022\/02\/girafinha_02-448x867.jpg 448w, https:\/\/parquedaterranova.pt\/portal\/wp-content\/uploads\/2022\/02\/girafinha_02-155x300.jpg 155w, https:\/\/parquedaterranova.pt\/portal\/wp-content\/uploads\/2022\/02\/girafinha_02.jpg 526w\" sizes=\"auto, (max-width: 97px) 100vw, 97px\" \/>A sua maior amiga era a MAMI, outra cadelinha abandonada, com quem j\u00e1 h\u00e1 v\u00e1rios anos partilhava o alojamento, e que agora, certamente, vai sentir muito a sua falta&#8230; e das permanentes brincadeiras em que andavam sempre, no seu parquezinho privativo. Custa-nos muito a acreditar que esta linda amiguinha, com apenas cerca de 9 anos, e ainda no in\u00edcio da semana, aparentemente, t\u00e3o bem, estivesse, afinal, t\u00e3o doente, e tenha, agora, partido. N\u00e3o podemos deixar de agradecer \u00e0 sua dedicada C\u00e3omadrinha Concei\u00e7\u00e3o todo o apoio que lhe dispensou ao longo de v\u00e1rios anos, e, muito comovidos, associamo-nos \u00e0 sua tristeza nestes momentos t\u00e3o dif\u00edceis para todos. Vamos, evidentemente, sentir a falta da nossa GIRAFINHA alegre e turbulenta, e nunca, mas nunca a esqueceremos! At\u00e9 sempre, querida GIRAFINHA!<br \/><br \/><a href=\"https:\/\/parquedaterranova.pt\/portal\/?page_id=308\"><strong>VOLTAR<\/strong><\/a><\/p>\n\n\n<p><\/p>\n\n\n","protected":false},"excerpt":{"rendered":"<p>GIRAFINHA (23 de Julho de 2021) Estamos desolados! A nossa linda GIRAFINHA, partiu ontem para o &#8220;C\u00e9u de C\u00e3o&#8221;! Conforme t\u00ednhamos noticiado, a nossa querida amiguinha apresentava um grande mal estar, ainda com contornos indefinidos, na passada quinta feira de &hellip; <a href=\"https:\/\/parquedaterranova.pt\/portal\/?page_id=435\">Continuar a ler <span class=\"meta-nav\">&rarr;<\/span><\/a><\/p>\n","protected":false},"author":1,"featured_media":0,"parent":0,"menu_order":7,"comment_status":"closed","ping_status":"closed","template":"sidebar-page.php","meta":{"footnotes":""},"class_list":["post-435","page","type-page","status-publish","hentry"],"_links":{"self":[{"href":"https:\/\/parquedaterranova.pt\/portal\/index.php?rest_route=\/wp\/v2\/pages\/435","targetHints":{"allow":["GET"]}}],"collection":[{"href":"https:\/\/parquedaterranova.pt\/portal\/index.php?rest_route=\/wp\/v2\/pages"}],"about":[{"href":"https:\/\/parquedaterranova.pt\/portal\/index.php?rest_route=\/wp\/v2\/types\/page"}],"author":[{"embeddable":true,"href":"https:\/\/parquedaterranova.pt\/portal\/index.php?rest_route=\/wp\/v2\/users\/1"}],"replies":[{"embeddable":true,"href":"https:\/\/parquedaterranova.pt\/portal\/index.php?rest_route=%2Fwp%2Fv2%2Fcomments&post=435"}],"version-history":[{"count":3,"href":"https:\/\/parquedaterranova.pt\/portal\/index.php?rest_route=\/wp\/v2\/pages\/435\/revisions"}],"predecessor-version":[{"id":826,"href":"https:\/\/parquedaterranova.pt\/portal\/index.php?rest_route=\/wp\/v2\/pages\/435\/revisions\/826"}],"wp:attachment":[{"href":"https:\/\/parquedaterranova.pt\/portal\/index.php?rest_route=%2Fwp%2Fv2%2Fmedia&parent=435"}],"curies":[{"name":"wp","href":"https:\/\/api.w.org\/{rel}","templated":true}]}}