{"id":1106,"date":"2026-04-17T11:04:54","date_gmt":"2026-04-17T11:04:54","guid":{"rendered":"https:\/\/parquedaterranova.pt\/portal\/?page_id=1106"},"modified":"2026-04-17T11:06:55","modified_gmt":"2026-04-17T11:06:55","slug":"billy","status":"publish","type":"page","link":"https:\/\/parquedaterranova.pt\/portal\/?page_id=1106","title":{"rendered":"Billy"},"content":{"rendered":"<p><strong>BILLY (15 de Abril de 2026)<\/strong><\/p>\n<p style=\"text-align: justify;\"><img loading=\"lazy\" decoding=\"async\" class=\"alignnone size-medium wp-image-1103 alignleft\" src=\"https:\/\/parquedaterranova.pt\/portal\/wp-content\/uploads\/2026\/04\/billy_02-102x188.jpg\" alt=\"\" width=\"102\" height=\"188\" srcset=\"https:\/\/parquedaterranova.pt\/portal\/wp-content\/uploads\/2026\/04\/billy_02-102x188.jpg 102w, https:\/\/parquedaterranova.pt\/portal\/wp-content\/uploads\/2026\/04\/billy_02-162x300.jpg 162w, https:\/\/parquedaterranova.pt\/portal\/wp-content\/uploads\/2026\/04\/billy_02.jpg 256w\" sizes=\"auto, (max-width: 102px) 100vw, 102px\" \/><img loading=\"lazy\" decoding=\"async\" class=\"size-medium wp-image-1105 alignleft\" src=\"https:\/\/parquedaterranova.pt\/portal\/wp-content\/uploads\/2026\/04\/billy_01-121x188.jpg\" alt=\"\" width=\"121\" height=\"188\" srcset=\"https:\/\/parquedaterranova.pt\/portal\/wp-content\/uploads\/2026\/04\/billy_01-121x188.jpg 121w, https:\/\/parquedaterranova.pt\/portal\/wp-content\/uploads\/2026\/04\/billy_01-193x300.jpg 193w, https:\/\/parquedaterranova.pt\/portal\/wp-content\/uploads\/2026\/04\/billy_01.jpg 352w\" sizes=\"auto, (max-width: 121px) 100vw, 121px\" \/>O nosso querido velhinho BILLY partiu, ontem \u00e0 tarde, para o &#8220;C\u00e9u de C\u00e3o&#8221;. Estava doentinho h\u00e1 bastante tempo, com crises de dores intensas nos ossos e cada vez maior debilidade, por um lado devido \u00e0 sua idade muito avan\u00e7ada (que estim\u00e1vamos em 16 anos, mas que podia ser ainda maior) e, por outro lado, devido a um grave desvio de uma das patinhas traseiras, talvez causado por alguma fractura antiga da anca, n\u00e3o tratada. O BILLY apareceu dentro das nossas instala\u00e7\u00f5es em Maio do ano 2020, todo molhado, com marcas de ter usado um peitoral durante muito tempo, e cheio de pulgas e peladas no pesco\u00e7o. N\u00e3o tinha microchip, n\u00e3o era castrado, j\u00e1 era manifestamente idoso, e j\u00e1 apresentava o tal grande desvio da patinha traseira. Inicialmente, era muito desconfiado e refil\u00e3o, e n\u00e3o reagia bem ao toque, tudo indicando que sofrera maus tratos. Aos poucos, por\u00e9m, foi-se tornando mais soci\u00e1vel, e, apesar de sempre resmung\u00e3o, tornou-se num velhote simp\u00e1tico, que gostava muito dos seus c\u00e3o-panheiros de alojamento. Partiu muito serenamente, sem sofrimento, acarinhado por quem dele cuidava, e deixa, em todos n\u00f3s, uma profunda saudade, mas tamb\u00e9m uma mem\u00f3ria que nunca se apagar\u00e1 dos nossos cora\u00e7\u00f5es. O BILLY teve o privil\u00e9gio de contar com uma C\u00e3o-madrinha extraordin\u00e1ria com ele ao colo, que nunca lhe faltou com o seu apoio e o seu carinho, e que, como n\u00f3s, nunca o esquecer\u00e1. At\u00e9 sempre, querido resmung\u00e3o!<\/p>\n<p style=\"text-align: right;\"><a href=\"https:\/\/parquedaterranova.pt\/portal\/?page_id=548\"><strong>VOLTAR<\/strong><\/a><\/p>\n\n\n\n","protected":false},"excerpt":{"rendered":"<p>BILLY (15 de Abril de 2026) O nosso querido velhinho BILLY partiu, ontem \u00e0 tarde, para o &#8220;C\u00e9u de C\u00e3o&#8221;. Estava doentinho h\u00e1 bastante tempo, com crises de dores intensas nos ossos e cada vez maior debilidade, por um lado &hellip; <a href=\"https:\/\/parquedaterranova.pt\/portal\/?page_id=1106\">Continuar a ler <span class=\"meta-nav\">&rarr;<\/span><\/a><\/p>\n","protected":false},"author":1,"featured_media":0,"parent":0,"menu_order":7,"comment_status":"closed","ping_status":"closed","template":"sidebar-page.php","meta":{"footnotes":""},"class_list":["post-1106","page","type-page","status-publish","hentry"],"_links":{"self":[{"href":"https:\/\/parquedaterranova.pt\/portal\/index.php?rest_route=\/wp\/v2\/pages\/1106","targetHints":{"allow":["GET"]}}],"collection":[{"href":"https:\/\/parquedaterranova.pt\/portal\/index.php?rest_route=\/wp\/v2\/pages"}],"about":[{"href":"https:\/\/parquedaterranova.pt\/portal\/index.php?rest_route=\/wp\/v2\/types\/page"}],"author":[{"embeddable":true,"href":"https:\/\/parquedaterranova.pt\/portal\/index.php?rest_route=\/wp\/v2\/users\/1"}],"replies":[{"embeddable":true,"href":"https:\/\/parquedaterranova.pt\/portal\/index.php?rest_route=%2Fwp%2Fv2%2Fcomments&post=1106"}],"version-history":[{"count":1,"href":"https:\/\/parquedaterranova.pt\/portal\/index.php?rest_route=\/wp\/v2\/pages\/1106\/revisions"}],"predecessor-version":[{"id":1107,"href":"https:\/\/parquedaterranova.pt\/portal\/index.php?rest_route=\/wp\/v2\/pages\/1106\/revisions\/1107"}],"wp:attachment":[{"href":"https:\/\/parquedaterranova.pt\/portal\/index.php?rest_route=%2Fwp%2Fv2%2Fmedia&parent=1106"}],"curies":[{"name":"wp","href":"https:\/\/api.w.org\/{rel}","templated":true}]}}